et w(a) = 2*a**3 + 11*a**2 + 392*a + 2374. Determine w(-6).
-14
Let t(x) = 3*x**2 + 467*x + 17576. Calculate t(-62).
154
Let d(h) = -4*h**3 - 939*h**2 - 7909*h + 311. Give d(-226).
85
Let f(v) = -72*v + 222. Give f(-14).
1230
Let t(q) = 198*q - 50382. Determine t(255).
108
Let d(t) = -4*t**3 - 37*t**2 + 35*t + 76. What is d(-8)?
-524
Let f(r) = r**3 + 185*r**2 + 520*r - 4540. Give f(-182).
192
Let a(c) = -125*c**2 - 42012*c - 4036. Calculate a(-336).
-4
Let n(s) = 44994*s - 944868. Determine n(21).
6
Let l(s) = -13*s**3 + 271*s**2 + 13*s - 31. What is l(21)?
-640
Let t(f) = -f**3 - 31*f**2 + 8691*f + 117. Give t(-110).
7
Let h(m) = 5*m**3 + 54*m**2 + 16*m + 70. What is h(-10)?
310
Let h(n) = -2*n**2 + 233*n + 2120. What is h(126)?
-274
Let p(c) = -c**2 - 198*c - 9377. Give p(-117).
100
Let f(y) = -41*y**2 - 18591*y - 26686. Give f(-452).
-18
Let n(m) = -2026221*m - 28367104. Calculate n(-14).
-10
Let u(b) = -10*b**3 + 65*b**2 + 339*b + 217. Give u(-5).
1397
Let c(d) = -22*d**2 + 2067*d + 290. Determine c(94).
196
Let h(u) = 11*u - 1118. Determine h(-26).
-1404
Let l(o) = -4*o**2 + 53347*o + 160049. What is l(-3)?
-28
Let i(m) = -470*m**2 - 592*m - 8. What is i(-1)?
114
Let p(r) = 384*r**2 + 25730*r + 51. Determine p(-67).
-83
Let b(p) = -251*p**2 - 29618*p - 1. Give b(-118).
-1
Let w(k) = -311388*k + 12455514. What is w(40)?
-6
Let w(r) = r**2 + 93*r + 1222. Calculate w(-90).
952
Let p(u) = -u**3 + 21*u**2 - 90*u + 895. Calculate p(19).
-93
Let y(l) = -104*l - 563. What is y(-9)?
373
Let t(y) = -3211*y - 13606. What is t(-5)?
2449
Let p(m) = -777*m + 6441. Determine p(8).
225
Let p(z) = -z**2 + 125*z + 2557. What is p(134)?
1351
Let l(h) = -2*h**3 + 50*h**2 + 1433*h - 35809. Calculate l(25).
16
Let x(j) = -6839*j + 150337. Determine x(22).
-121
Let z(b) = -b**3 + 77*b**2 - 282*b - 523. Calculate z(73).
207
Let h(o) = -564034*o - 13536830. Determine h(-24).
-14
Let k(z) = 2*z**3 - 145*z**2 - 66*z - 236. Calculate k(73).
275
Let n(k) = -225615*k + 1353667. Calculate n(6).
-23
Let o(r) = -725*r**2 - 5797*r + 52. What is o(-8)?
28
Let a(l) = -7*l**2 + 193*l + 1534. Calculate a(-7).
-160
Let b(r) = 4*r**2 - 15*r - 662. Determine b(20).
638
Let h(x) = 874*x + 46382. Calculate h(-53).
60
Let c(m) = 38743*m - 542415. Give c(14).
-13
Let w(f) = 12*f**2 - 7527*f + 2023. Give w(627).
142
Let a(s) = -54*s**2 - 15464*s - 5716. Calculate a(-286).
4
Let i(f) = 1108*f + 314623. What is i(-284)?
-49
Let m(o) = o**3 - 38*o**2 - 201*o - 113. What is m(44)?
2659
Let c(w) = -41243*w + 2474633. Give c(60).
53
Let f(c) = -c**3 - 88*c**2 + 338*c + 36969. Give f(-87).
-6
Let u(d) = d**3 - 380*d**2 + 10158*d + 7371. What is u(351)?
0
Let d(m) = -136*m**2 + 1150*m - 8. Give d(3).
2218
Let q(x) = -231*x**2 + 30597*x - 61191. What is q(2)?
-921
Let q(t) = -5263*t + 84683. Determine q(16).
475
Let k(t) = -t**3 + 127*t**2 - 611*t - 271. What is k(122)?
-393
Let z(i) = 35*i**2 - 7544*i - 26510. What is z(219)?
-11
Let w(r) = -5*r**2 + 249*r + 3122. What is w(-13)?
-960
Let m(f) = f**2 + 239*f + 10264. Give m(-60).
-476
Let f(m) = -m**3 + 30*m**2 + 1807*m - 301. Calculate f(60).
119
Let q(l) = 2093*l**2 - 56474*l - 1027. What is q(27)?
-28
Let p(i) = -4538*i**2 + 9069*i + 9. Give p(2).
-5
Let k(y) = 11577*y - 46257. What is k(4)?
51
Let f(d) = -d**3 + 52*d**2 - 409*d - 450. What is f(11)?
12
Let f(w) = 10*w**2 + 10886*w + 344318. Determine f(-1056).
62
Let j(y) = 8*y**2 - 35*y - 221. What is j(-3)?
-44
Let i(l) = -65487*l + 130995. What is i(2)?
21
Let x(d) = -3*d**2 + 1365*d - 127769. Calculate x(132).
139
Let b(y) = -221*y**2 - 19459*y - 994. Determine b(-88).
-26
Let m(b) = 66420*b - 4383722. What is m(66)?
-2
Let r(q) = 2*q**2 + 115*q + 413. Calculate r(-52).
-159
Let w(c) = -166*c + 5256. Calculate w(30).
276
Let d(t) = -50*t**2 - 1063*t + 8019. Give d(6).
-159
Let w(h) = -107*h**2 + 509*h - 102. What is w(5)?
-232
Let a(u) = u**3 + 165*u**2 - 493*u + 1700. Give a(-168).
-148
Let n(t) = -4*t**3 + 172*t**2 + 735*t + 402. Determine n(47).
-397
Let m(r) = r**3 - 66*r**2 + 535*r - 1195. Calculate m(57).
59
Let w(m) = 2*m**3 - 105*m**2 - 640*m - 390. Give w(58).
-506
Let d(c) = c**2 + 1337*c + 28872. Determine d(-22).
-58
Let f(h) = h**3 - 13*h**2 - 2319*h - 15252. Determine f(-7).
1
Let c(l) = -230*l - 2509. Calculate c(-8).
-669
Let a(w) = -137*w**3 - 43*w**2 + 7*w + 7. Give a(-2).
917
Let a(j) = -2200*j - 150052. Calculate a(-68).
-452
Let h(z) = 86266*z + 431447. What is h(-5)?
117
Let r(b) = -1003*b - 289. What is r(2)?
-2295
Let x(w) = 5168*w - 41436. Give x(8).
-92
Let t(f) = 7*f**2 - 11722*f + 334011. Give t(29).
-40
Let k(a) = -1658*a + 12853. Give k(9).
-2069
Let i(m) = 4225*m + 316866. Determine i(-75).
-9
Let g(f) = 10*f**2 - 1427*f + 5701. What is g(4)?
153
Let n(x) = 5734*x + 120380. Calculate n(-21).
-34
Let u(b) = -b**3 - 735*b**2 + 32634*b - 6. What is u(-777)?
-6
Let f(v) = -10*v**2 + 344*v - 2691. What is f(22)?
37
Let y(v) = -12*v**3 - 1862*v**2 - 317*v - 1080. Determine y(-155).
5
Let b(q) = -3*q**2 - 14622*q + 73182. Give b(5).
-3
Let c(h) = 8366*h**2 + 92025*h - 14. Give c(-11).
-3
Let y(b) = -b**3 - 30*b**2 - 2315*b - 72675. Calculate y(-31).
51
Let l(y) = -83*y**3 - 1245*y**2 + 47*y + 1117. Give l(-15).
412
Let x(n) = -17533*n**2 - 52652*n - 162. Calculate x(-3).
-3
Let r(o) = 10*o**3 + 54*o**2 + 4*o + 41. What is r(-5)?
121
Let n(k) = 13*k**3 - 7*k**2 - 103*k - 395. Calculate n(-5).
-1680
Let c(n) = -2323*n + 4650. What is c(2)?
4
Let z(j) = 314*j**3 - 2513*j**2 - 182*j + 1528. What is z(8)?
8
Let i(z) = -2*z**2 + 3856*z - 299205. What is i(81)?
9
Let m(i) = -11*i - 1301. Give m(-115).
-36
Let b(c) = -228*c - 5859. Determine b(-26).
69
Let h(g) = -3*g**2 - 632*g - 20071. Give h(-39).
14
Let x(z) = z**2 + 79225*z - 316913. Calculate x(4).
3
Let z(o) = 14*o**2 - 10375*o - 62155. What is z(-6)?
599
Let b(p) = -3639*p - 23967. Give b(-7).
1506
Let t(q) = -5476*q - 208089. What is t(-38)?
-1
Let n(y) = -16*y**2 + 250*y + 9024. Calculate n(33).
-150
Let t(k) = k**2 - 260*k + 8084. Calculate t(36).
20
Let c(i) = -i**3 + 26434*i**2 + 185086*i - 21. Give c(-7).
-14
Let w(r) = 668*r + 8144. Determine w(-12).
128
Let b(f) = -2*f**3 - 21*f**2 - 3502*f - 50407. Calculate b(-14).
-7
Let h(y) = 209*y - 13680. Determine h(65).
-95
Let c(z) = z**3 - 3965*z**2 - 27802*z - 22. Calculate c(-7).
-36
Let t(o) = o**2 + 25*o - 2472. Calculate t(32).
-648
Let i(y) = -10*y**2 + 2564*y - 153610. Determine i(161).
-16
Let m(h) = 23895*h + 23905. Determine m(-1).
10
Let h(i) = 14128*i - 56512. What is h(4)?
0
Let z(i) = i**3 + i**2 + 19*i - 597. Give z(9).
384
Let u(o) = -121888*o + 3534752. Determine u(29).
0
Let t(f) = -f**3 - 20*f**2 - 72*f - 1. Give t(-18).
647
Let u(h) = -527*h - 381. Give u(-2).
673
Let h(i) = 21604*i + 2182018. Determine h(-101).
14
Let f(o) = 13619*o - 108932. Calculate f(8).
20
Let i(a) = -101*a**3 + a**2 - 166*a - 163. What is i(-1)?
105
Let o(a) = 22*a**2 + 7085*a + 7063. Calculate o(-1).
0
Let x(s) = s**2 + 109*s - 2093. Give x(16).
-93
Let s(f) = -10939*f + 43391. What is s(4)?
-365
Let n(t) = -11*t**2 - 5744*t + 168281. Calculate n(-550).
-19
Let v(k) = -41*k**2 - 41*k + 146. Calculate v(5).
-1084
Let b(d) = 1236*d + 600585. Give b(-486).
-111
Let j(z) = 5*z**2 - 654*z - 57528. Determine j(191).
-37
Let o(s) = 1028*s + 6318. Calculate o(-6).
150
Let p(j) = -3*j**3 - 68*j**2 + 198*j - 99. What is p(2)?
1
Let i(t) = -2*t - 209. Determine i(-119).
29
Let t(z) = -16*z**3 + 501*z**2 - 477*z + 9975. Give t(31).
-7
Let h(v) = -6*v**3 - 17*v**2 - 15932*v + 15949. What is h(1)?
-6
Let d(i) = -i**3 + 179*i**2 + 368*i + 31731. Determine d(182).
-665
Let l(p) = 183*p**2 - 742*p - 1477. Calculate l(-2).
739
Let w(m) = -18*m**3 - 390*m**2 + 550*m - 195. Give w(-23).
-149
Let f(l) = l**2 + 5194*l - 352382. Determine f(67).
105
Let h(c) = -5*c**2 - 1797*c + 5393. Give h(3).
-43
Let c(t) = -4439*t + 66656. Determine c(15).
71
Let c(d) = -732*d**3 + 23*d - 24. What is c(1)?
-733
Let s(d) = 1396*d - 9132. Give s(6).
-756
Let r(w) = -444*w + 72901. Calculate r(164).
85
Let j(g) = 2*g**2 + 21*g - 176. Determine j(-16).
0
Let m(w) = -3*w**3 + 3*w**2 - 4*w + 12. Give m(3).
-54
Let z(i) = -2*i**3 - 35*i**2 - 301*i - 709. Determine z(-4).
63
Let u(t) = -t**2 + 11*t + 